f 1620281423?
6
What is the hundreds digit of 27267851?
8
What is the thousands digit of 874130308?
0
What is the ten thousands digit of 103377181?
7
What is the millions digit of 290671996?
0
What is the tens digit of 411894746?
4
What is the hundred thousands digit of 76588129?
5
What is the hundred thousands digit of 125231802?
2
What is the hundreds digit of 66793552?
5
What is the tens digit of 94958180?
8
What is the ten thousands digit of 49996834?
9
What is the units digit of 172406256?
6
What is the hundred millions digit of 306682655?
3
What is the billions digit of 2125726219?
2
What is the millions digit of 1604689176?
4
What is the ten thousands digit of 43467409?
6
What is the hundreds digit of 635790880?
8
What is the ten millions digit of 98530005?
9
What is the tens digit of 336954327?
2
What is the ten millions digit of 1071797242?
7
What is the ten thousands digit of 978634631?
3
What is the ten millions digit of 64061689?
6
What is the ten millions digit of 500824419?
0
What is the thousands digit of 22946519?
6
What is the ten millions digit of 44524300?
4
What is the hundreds digit of 14434262?
2
What is the hundred thousands digit of 508493129?
4
What is the units digit of 211078361?
1
What is the hundreds digit of 1245031196?
1
What is the ten thousands digit of 965029468?
2
What is the thousands digit of 8414015259?
5
What is the hundreds digit of 749789844?
8
What is the hundred thousands digit of 7416762?
4
What is the hundred thousands digit of 93087758?
0
What is the ten millions digit of 3486400539?
8
What is the hundred thousands digit of 23235025?
2
What is the ten millions digit of 1144640134?
4
What is the units digit of 212166290?
0
What is the ten thousands digit of 1241862686?
6
What is the hundreds digit of 369726693?
6
What is the thousands digit of 129908510?
8
What is the tens digit of 1315688767?
6
What is the tens digit of 268912346?
4
What is the tens digit of 678752666?
6
What is the tens digit of 75371713?
1
What is the units digit of 3214728398?
8
What is the units digit of 387064142?
2
What is the hundred millions digit of 103828469?
1
What is the hundred thousands digit of 7926846?
9
What is the ten thousands digit of 47496105?
9
What is the thousands digit of 1781671695?
1
What is the thousands digit of 9359895?
9
What is the millions digit of 832574311?
2
What is the millions digit of 953255630?
3
What is the ten thousands digit of 72238634?
3
What is the tens digit of 1207904598?
9
What is the units digit of 744961523?
3
What is the ten millions digit of 3714499376?
1
What is the thousands digit of 832696100?
6
What is the thousands digit of 3912185367?
5
What is the hundred thousands digit of 3036124?
0
What is the billions digit of 6684636818?
6
What is the millions digit of 1976486857?
6
What is the ten millions digit of 48761266?
4
What is the hundred thousands digit of 29098990?
0
What is the millions digit of 31519239?
1
What is the thousands digit of 220960160?
0
What is the hundred millions digit of 241316680?
2
What is the units digit of 69053922?
2
What is the ten thousands digit of 930033062?
3
What is the thousands digit of 59240887?
0
What is the hundred thousands digit of 466185874?
1
What is the ten millions digit of 62228009?
6
What is the tens digit of 2487049611?
1
What is the ten millions digit of 134633935?
3
What is the hundreds digit of 15646115?
1
What is the units digit of 57848400?
0
What is the millions digit of 212467057?
2
What is the units digit of 406705566?
6
What is the hundred millions digit of 682834849?
6
What is the ten thousands digit of 285127233?
2
What is the ten thousands digit of 43116264?
1
What is the ten thousands digit of 3830195726?
9
What is the tens digit of 198444797?
9
What is the units digit of 2375169?
9
What is the billions digit of 1375281550?
1
What is the tens digit of 432179372?
7
What is the ten millions digit of 23070149?
2
What is the hundred millions digit of 157485846?
1
What is the units digit of 84117449?
9
What is the tens digit of 9522440?
4
What is the ten millions digit of 3390755172?
9
What is the hundred thousands digit of 48751783?
7
What is the hundreds digit of 727702520?
5
What is the millions digit of 2228287?
2
What is the tens digit of 30656075?
7
What is the tens digit of 2812973?
7
What is the tens digit of 48756792?
9
What is the hundreds digit of 425842116?
1
What is the thousands digit of 42747286?
7
What is the ten millions digit of 995618987?
9
What is the millions digit of 3585535480?
5
What is the hundreds digit of 1143973432?
4
What is the hundreds digit of 119044195?
1
What is the billions digit of 2127562178?
2
What is the hundreds digit of 3322513814?
8
What is the hundred millions digit of 6856904903?
8
What is the hundreds digit of 24815357?
3
What is the units digit of 3970595539?
9
What is the hundred millions digit of 223831937?
2
What is the hundred millions digit of 565468439?
5
What is the thousands digit of 37261284?
1
What is the hundred thousands digit of 15710197?
7
What is the units digit of 232148719?
9
What is the thousands digit of 2672070200?
0
What is the hundred millions digit of 322726751?
3
What is the tens digit of 337283220?
2
What is the millions digit of 2125643217?
5
What is the units digit of 697709569?
9
What is the units digit of 4364902974?
4
What is the hundreds digit of 21578281?
2
What is the ten thousands digit of 44158959?
5
What is the hundred millions digit of 3182118728?
1
What is the units digit of 2296974722?
2
What is the hundreds digit of 107481906?
9
What is the ten thousands digit of 200855375?
5
What is the tens digit of 4220260959?
5
What is the tens digit of 11755156?
5
What is the tens digit of 26377882?
8
What is the billions digit of 1124790831?
1
What is the thousands digit of 1625424504?
4
What is the ten thousands digit of 272440688?
4
What is the thousands digit of 185675085?
5
What is the hundred thousands digit of 2451210550?
2
What is the units digit of 146295931?
1
What is the tens digit of 25445627?
2
What is the millions digit of 576579869?
6
What is the hundred thousands digit of 6829904277?
9
What is the ten thousands digit of 623070337?
7
What is the hundred millions digit of 726222633?
7
What is the hundreds digit of 243112842?
8
What is the tens digit of 343185320?
2
What is the hundred millions digit of 1644819166?
6
What is the units digit of 3232140661?
1
What is the units digit of 3050294312?
2
What is the ten thousands digit of 12446840?
4
What is the tens digit of 25638215?
1
What is the units digit of 2373918292?
2
What is the thousands digit of 63344596?
4
What is the tens digit of 11903968?
6
What is the tens digit of 1780098067?
6
What is the ten millions digit of 405698375?
0
What is the thousands digit of 254122961?
2
What is the millions digit of 1457317141?
7
What is the thousands digit of 3441459304?
9
What is the tens digit of 541872345?
4
What is the ten millions digit of 354834708?
5
What is the tens digit of 770618687?
8
What is the hundreds digit of 111388483?
4
What is the hundred millions digit of 109339704?
1
What is the units digit of 73857879?
9
What is the tens digit of 69861114?
1
What is the billions digit of 1650632115?
1
What is the ten millions digit of 344322504?
4
What is the ten thousands digit of 941818247?
1
What is the thousands digit of 12178384?
8
What is the hundreds digit of 16597415?
4
What is the millions digit of 2285456617?
5
What is the thousands digit of 59487415?
7
What is the hundred thousands digit of 632104165?
1
What is the hundreds digit of 1749251869?
8
What is the ten millions digit of 1907962271?
0
What is the hundred millions digit of 4635901607?
6
What is the units digit of 2953500595?
5
What is the millions digit of 79402913?
9
What is the units digit of 21493888?
8
What is the tens digit of 2920313323?
2
What is the hundred thousands digit of 291305527?
3
What is the ten millions digit of 39296495?
3
What is the hundreds digit of 35778028?
0
What is the millions digit of 34434786?
4
What is the hundred thousands digit of 26393865?
3
What is the thousands digit of 1323097082?
7
What is the hundred millions digit of 107487460?
1
What is the hundreds digit of 3241627840?
8
What 